ts digit of f?
9
Let p be 30/12*(-4)/(-5). Suppose 2*n + 3*l = 10 + 10, -p*l = -4*n + 24. Suppose -4*b + 163 - n = 0. What is the units digit of b?
9
Let n(w) = 10*w**3 + 2*w**2 - w + 2. Let g be n(2). Let a = g - 130. Let t = 50 + a. What is the units digit of t?
8
Let f(x) = 6*x**3 - 14*x**2 - 5*x + 363. Let r(t) = -t**3 + 2*t**2 + t - 1. Let z(h) = f(h) + 5*r(h). What is the units digit of z(0)?
8
Let m = -145 - -121. Let w be 6/(-4) + (-10428)/m. Let s = 607 - w. What is the hundreds digit of s?
1
Let i(t) = 251 + 12*t - 17*t**2 - 18*t**2 + 0*t + 34*t**2 + 4*t. What is the units digit of i(0)?
1
Suppose -27 = p + 24. Let w = 48 + p. Let r(u) = -18*u - 11. What is the units digit of r(w)?
3
Let d(y) = 42923*y**2 - 305*y + 7. What is the units digit of d(-1)?
5
Suppose -87 + 86 = -w. What is the hundreds digit of 3/(w/(676/(-670)) + 1)?
3
Let j(m) = 26 + 2*m + m**2 - 9 - 23. Let g be j(3). Suppose -5*w + 3794 = g*w. What is the hundreds digit of w?
2
Let f(h) = 2*h**2 + 6 - 2*h - 2*h - 3*h**2 + 8. Let u be f(-13). Let v = 162 + u. What is the units digit of v?
9
Let u be 1 + (-4 - 4)/(-2). Let z(i) = 9*i**2 - 8 + 4*i - u*i**2 - i**2 + 2*i. What is the units digit of z(3)?
7
Suppose 2*t - 1024 = -3*a + 356, 1378 = 2*t + 4*a. Let l be t/(-18) - -3*(-2)/12. Let f = 70 + l. What is the units digit of f?
1
Suppose 6*n = -1746 + 7314. Suppose 0 = -2*r - 5*d + 2, -5*r - d + 26 = d. Suppose -14*v + r*v + n = 0. What is the tens digit of v?
1
Suppose -1858 = -3*n + a, -2488 = -4*n - a - 3*a. Let p = n - 398. What is the tens digit of p?
2
Let h(c) = c + 12. Let b be h(-8). Suppose 8*q = b*q - 148. Let f = q + 174. What is the units digit of f?
7
Suppose 13*o - 11*o - 4311 = -z, -2*o + 4329 = -5*z. Suppose 6*c - o = -759. What is the units digit of c?
3
Let s be -4*((345/10)/3 - 3). What is the hundreds digit of s + 307 - 1*7?
2
Let a be (((-65604)/16)/3)/(3/(-12)). Let o be (a/49 - -2) + 6/14. Let q = 232 - o. What is the tens digit of q?
1
Suppose -2*l = -5*a - 41904, -2*l = 5*a + 21629 - 63473. What is the units digit of l?
7
Let z = -12 + 19. Let w be 7/z - (0 - 8). Let d = 73 + w. What is the units digit of d?
2
Let l(f) = 208*f + 541. What is the tens digit of l(7)?
9
Let k = -1353 - -12324. What is the units digit of k?
1
Suppose 0 = 5*g, 2*g - 32350 + 12505 = -u + 7*g. What is the thousands digit of u?
9
Suppose 45*i - 59*i = -70. Suppose i*k + 13*k = 22626. What is the units digit of k?
7
Let p = 81 + -74. Let y(h) = 0 - p + 2*h**2 + 8 + h - 4*h**2 + 64*h**3. What is the tens digit of y(1)?
6
Suppose -4*i + 13 = -3, -3*a - i - 131 = 0. Let l = a - -47. What is the units digit of 53 + -2*1*1/l?
2
Suppose -91081 = -176*l + 1008271 + 163096. What is the tens digit of l?
7
Let g(b) = b**3 + 7*b**2 - 79*b + 149. What is the tens digit of g(21)?
3
Let t = 194 - 188. Suppose 8*p = -t*p + 266. What is the tens digit of p?
1
Let l(d) = -7 + d**2 - 10*d**2 + 41*d + 10*d**2. What is the tens digit of l(10)?
0
Let p(n) = n**3 - 25*n**2 + 26*n - 29. Let o(v) = 5*v**2 - 4*v - 4. Let z be o(-2). Let r be p(z). Suppose -528 = -23*u + r*u. What is the units digit of u?
2
Let b be (1 - (6 - 2)/(-4)) + 2. Suppose 4*y - 4 = -b*q, -4*q + 4 = -4*y + 8. Suppose q = 25*t - 22*t - 252. What is the units digit of t?
4
Suppose -4*t - 3 + 19 = 0, 0 = 4*b - 3*t - 32. Let r(o) = 1 + b*o + 3 + 4. What is the units digit of r(5)?
3
Suppose -a - 3*a - 40 = 0. Let l be (4/(-3))/(a/(-75)). Let k = l + 38. What is the tens digit of k?
2
Suppose -259*r - 2343616 = -323*r. What is the units digit of r?
9
Suppose 3*n - 4*q = -n, -2*q - 12 = -5*n. Let i be (18/n)/((-2)/8). What is the tens digit of (i/(-15))/((-1)/(-15))?
1
Suppose 0 = -237*a + 245*a - 441456. What is the thousands digit of a?
5
Let b(v) = -23*v + 55. Let g = 324 + -331. What is the hundreds digit of b(g)?
2
Let o = -64 - -67. Suppose 4*r = -q + 1300, 3*q + r = -o*r + 3868. What is the units digit of q?
4
Suppose -3*h = 2*d - 8, -2*d = -27*h + 25*h + 12. What is the units digit of 8*((-77)/h + -5)*-2?
8
Let p = 239 + -236. Suppose -g - p*t = -668, 4*t - 2181 = -5*g + 1137. What is the tens digit of g?
6
Let m = 21 - 23. Let a(h) be the second derivative of -h**5/20 - 5*h**3/6 - 3*h**2/2 + 3*h. What is the units digit of a(m)?
5
Let o(f) = 47*f**3 - f**2 + 2*f + 2. Let y be o(-1). Let h = y + 50. Suppose -m + 57 = h*s, -m + s + 109 = m. What is the units digit of m?
5
Let k(a) = -94*a**2 + 2*a + 30. Let z(v) = v**2 + v + 1. Let l(r) = -k(r) - 4*z(r). What is the tens digit of l(-4)?
3
Let x(l) = -3*l + 80. Let r be x(16). Suppose r*a - 4356 = -4*a. What is the hundreds digit of a?
1
Suppose -51*j + 1328461 = -710876. What is the hundreds digit of j?
9
Let p(a) = -254*a + 65. Let i be p(-11). Let r = i + -1884. What is the hundreds digit of r?
9
Suppose 5*f = 2*f. Suppose 3*k + 2*k - 10 = f. What is the units digit of (-7)/((-28)/296) - k?
2
What is the thousands digit of ((-2)/(-12)*3 + (-236236)/(-56))/1?
4
Suppose -7*f - 86 = -366. Suppose -h - 26 = -2*b + h, 3*b - 4*h - f = 0. Suppose -5*k = -b*k + 1281. What is the tens digit of k?
8
Let g(y) = -895*y - 1102. What is the tens digit of g(-91)?
4
Let c(n) = 55*n - 6 + 48*n - 30*n - 2*n. What is the units digit of c(4)?
8
Let t(s) = 5*s - s**2 - 3*s**2 - 24 + 5*s**2. Let o be t(-8). Suppose o = 4*n - 380 - 268. What is the tens digit of n?
6
Suppose 3*w = 12, -3*d - 4*w + 15 = -w. What is the tens digit of d + -1 - (13 + -416 + -4)?
0
Suppose 5*k + 304 = 4. Let b = k - -78. What is the tens digit of b?
1
Let a = 97 + -95. Let n be ((-20)/(-15))/a - 2/3. Suppose -4*f - 3*x - x + 712 = n, -3*x = f - 178. What is the tens digit of f?
7
Suppose 0 = -2*j + 11 + 23. Suppose -t + j = 3*p, t - 8 = -5*p + 13. Suppose t + 10 = l + z, 3*z + 37 = l. What is the tens digit of l?
2
Let t be 1062/27 - 1/3. Let j = -37 + t. Suppose -4*q - 156 = -2*r, -3*q + 84 = r - j*q. What is the tens digit of r?
8
Suppose 4*d = 4*f - 76, -4*d + 23 + 36 = 5*f. Suppose 0 = -27*w + f*w + 7164. What is the tens digit of w?
9
Let b(m) = 32*m - 52. Suppose 3*l = -y + 22, 0 = l - 3*l - 2*y + 12. Let o be b(l). Suppose -108 = -3*a - 3*h, -o = -a - 4*a + h. What is the tens digit of a?
4
Let j(s) = s**2 - 6*s - 28. Let p be j(9). Let h be (-69 + (-5 - -4))/p. Let u = 16 + h. What is the units digit of u?
6
Let g(a) = -286*a + 73. Let h be g(-7). Suppose -h = -5*s + 205. What is the hundreds digit of s?
4
Let m = -133 + 133. Suppose m = 13*b - 12*b - 183. What is the hundreds digit of b?
1
Let f = 443 + -428. Let a(q) = q**3 - 12*q**2 + q + 96. What is the hundreds digit of a(f)?
7
Let s = -150 - -150. Suppose 2*m + 10 = s, -5*k - 3*m + 2249 = 249. What is the tens digit of k?
0
Suppose -10*l = -28502 + 10102. Suppose 17*n - 8912 + l = 0. What is the tens digit of n?
1
Let q = -2 + 26869. What is the hundreds digit of q?
8
Let q = 2989 - 2085. Suppose q = 47*l - 39*l. What is the units digit of l?
3
Let i(d) = -5*d + 50. Let w be i(-8). Let s(k) = 45*k**3 + 46*k**3 + 13*k**2 + 19 - w*k**3 + k**2 + 3*k. What is the tens digit of s(-12)?
7
Let r be (56/(-6))/(8/(-108)). Suppose r = -z + 5*p + 1137, -12 = -4*p. What is the tens digit of z?
2
Let g(c) = 13*c**2 + 16*c + 16. Suppose f - 3*x + 1 + 0 = 0, -26 = 4*f - x. What is the hundreds digit of g(f)?
5
What is the units digit of (-4788)/(-441)*(159 + 2)?
8
Let i be 9 + -5 - 5 - 12. Let r(w) = -w**3 - 10*w**2 - 2*w - 39. What is the tens digit of r(i)?
9
Suppose 508*k + 15 = 513*k. Suppose k*g - 3233 = -5*j, 4*g + 3226 = 5*j - 0*j. What is the units digit of j?
6
Let f(w) be the second derivative of w**4/12 + 29*w**3/6 - 14*w**2 - 13*w - 4. What is the units digit of f(-32)?
8
Let p be 4/(-14) - (-120)/28. Let z(r) = r**2 + 34*r - 69. Let j be z(-36). Suppose a - 12 = w, 0 = -p*a + j*w - 0*w + 45. What is the units digit of a?
9
Suppose -2*h + 0*h - 16 = -2*g, g - 8 = 4*h. Let x = -2 + g. What is the tens digit of 106 + (8/6 + -1)*x?
0
Suppose -4*w + 159 = 43. Suppose -w*i + 33*i = -8. What is the units digit of (18 - 23)/(i/26)?
5
Let p be (-136)/16 + 8 + (-926)/(-4). What is the units digit of p + -2 + (-1 - -3)?
1
Suppose 1011642 + 720232 = 234*w - 1248116. What is the units digit of w?
5
Let t(w) = -2*w + 15. Let d be t(6). Suppose -6*r = d*r - 54